- 7) - 3) + 4?
1
What is the value of (5 - 5 - -2) + 2?
4
What is 13 + 0 + -1 - 2?
10
What is 0 + 2 + 0 + 0 + -1?
1
5 - (-20 - -11) - (-1 - -7)
8
1 - 12 - (138 - 140)
-9
3 - 1 - (-1 - (5 - 3))
5
Calculate (5 - 5) + 3 + 1 + -4.
0
Evaluate 0 - 1 - (7 - 2 - 1).
-5
-4 + 4 + (-3 - -9)
6
16 + (-10 - -1 - 3)
4
Evaluate -3 - (-8 - (12 + -22)).
-5
What is the value of -1 - -3 - -3 - (3 + -2)?
4
5 - (4 + -8 + -1 + 8)
2
Evaluate 3 + (-3 - (-9 + 9)).
0
What is the value of -7 - (-2 - (4 - 2)) - -9?
6
What is 1 + (0 - 1) + 1 + 1?
2
What is the value of 0 + (-4 - 11) + 7?
-8
What is the value of 3 - (-2 + (-1 - -1)) - 5?
0
What is the value of 0 + (-3 - -1) + (-1 - -5)?
2
(0 - (11 + -6)) + 10
5
What is the value of (-2 - 0) + (-17 + 5 - -15)?
1
What is 0 + 2 + -23 + (12 - -13)?
4
Calculate (-21 - -17) + 0 + -1.
-5
Evaluate (102 - 92) + -2 + 1.
9
Calculate (-5 - -1) + 3 - (-2 - -1).
0
What is the value of -27 + 24 + (4 + 8 - 2)?
7
What is the value of -18 - -19 - (1 + -1 + 6)?
-5
Evaluate -4 + 4 + -2 - (-29 + 26).
1
What is the value of (6 - -2) + (8 - (17 - 3))?
2
What is the value of 2 - (3 - (14 - 8))?
5
-1 + 2 - (-5 - 0 - -3)
3
-13 - -19 - (1 - -1)
4
What is 3 - (-3 + 6) - -3?
3
Evaluate -7 + 12 + -6 + -5.
-6
What is (-3 - (4 + -1 + 0)) + 1?
-5
(5 - -1) + (-10 - (0 + -6))
2
Calculate -2 - (8 - 11 - -2).
-1
Evaluate -4 - (-3 + -7) - (2 + 0).
4
Evaluate 4 + 0 - (17 - (-15 - -34)).
6
What is (5 - 7) + 4 + 0?
2
What is (0 - (1 + 2)) + (-2 - 0)?
-5
Calculate 0 + -1 - (4 - (2 + -1)).
-4
What is the value of 5 + (5 - (3 + -4 + 7))?
4
Evaluate -1 - -9 - (-4 + -12 - -20).
4
Calculate 1 + -10 + (-93 - -102).
0
4 - (9 - (1 + 1))
-3
-6 + 2 - 0 - (0 + 1)
-5
What is the value of (1 - 4) + -12 - -9?
-6
Calculate 4 + 5 + -13 + 7 + -7.
-4
What is the value of 8 + -11 + 4 + (-1 - 6)?
-6
What is 0 - 0 - (-10 - (-19 - -7))?
-2
What is -5 + -5 + (2 - -2)?
-6
Evaluate 1 - -1 - (2 - 1) - 3.
-2
What is -2 - (5 + -3 + -4 - -1)?
-1
-1 + (6 - 5) + 0
0
Calculate 2 + (-2 + 4 - 5).
-1
Evaluate -11 - -4 - -2 - -2.
-3
Calculate 9 + (-10 - 5) + 2.
-4
Evaluate (1 - 2 - (-14 - -13)) + 4.
4
Calculate 5 + -7 + 1 + 1 + 0.
0
What is 2 + (2 - 7) - -1?
-2
Calculate 7 + -2 + -8 + (5 - 1).
1
What is the value of 0 - (5 + (9 - 8))?
-6
What is the value of 3 + -15 + 7 + 9?
4
Evaluate -5 + 1 - -2 - (2 + 1).
-5
What is (-4 - (-1 + -1)) + -3 + 3?
-2
Evaluate -5 + 0 - (2 + (2 - 4)).
-5
What is -6 + -1 + 3 - (-1 + -4)?
1
-8 + 19 + 4 + -8
7
-5 + -9 + (13 - 6)
-7
What is 6 + -2 - (2 + -3 + 0)?
5
Evaluate (-7 - (-19 + 12)) + (-4 - 0).
-4
What is -5 - ((-21 - -17) + 6 + -1)?
-6
4 - ((4 - -2) + (7 - 5))
-4
Evaluate -12 + (-10 - (9 + -23)).
-8
Calculate 20 - 7 - (-4 - (1 - 9)).
9
Calculate 8 - (10 - 0) - -2.
0
Evaluate -5 - (-1 - (-6 - -3) - 3).
-4
Evaluate 3 + 1 + (0 - 2) + 2.
4
What is -8 - (9 + -12 - 2)?
-3
What is 0 + 3 + 0 - (3 - -1)?
-1
What is -2 + -4 + 5 - 1?
-2
Calculate -5 - (-3 + -1 - -4).
-5
Evaluate -1 + 3 + -6 - (2 - 1).
-5
Evaluate -5 + (0 - 0) + -11 + 16.
0
(-3 - 1 - -5) + 0 + 2
3
What is 3 + 5 + -3 + -4 + -3?
-2
What is the value of (9 - 2 - 2) + 2 + -6?
1
Calculate (7 - (-2 - -9 - 2)) + -7.
-5
Calculate 2 + -1 + (-5 - -2 - -5).
3
What is the value of -5 - ((-1 - 0) + 3 + -4)?
-3
Calculate 6 - (0 + 0 + 9).
-3
(2 + 4 - 7) + (-2 - -5)
2
Calculate -2 - (10 - 17) - 3.
2
What is 2 - (-1 + 1 - -5)?
-3
What is 4 + 0 + (-5 - -3)?
2
Calculate 4 - (6 - (10 + -12)).
-4
3 + (-6 - 0) + -4 - -2
-5
Evaluate (-4 - (-2 + -7)) + -2.
3
Calculate -1 - (-7 + 7 + -7).
6
Evaluate 0 - ((6 - -6) + -6 + -14).
8
Calculate 3 + -8 + (2 - 0 - -3).
0
Evaluate (-3 - (4 + 0)) + 6.
-1
27 - 13 - 12 - 10
-8
-2 + (12 + -4 - 2)
4
4 - -1 - (-3 + (17 - 6))
-3
Evaluate (-4 - -3) + 1 + 3 + -5.
-2
What is the value of 1 + 0 - (-2 - -4 - -4)?
-5
What is -2 - (8 + -7 - 7)?
4
What is 2 + 1 - -2 - 3?
2
Evaluate (-3 - (4 - 3)) + 17 + -10.
3
Evaluate 3 - (4 + -2) - (-17 - -19).
-1
Evaluate 1 + (4 + -1 - 2) + -3.
-1
What is the value of -7 - 0 - -4 - (-3 + -5)?
5
Calculate -3 - ((-1 - 5) + -2).
5
Calculate 6 + -2 + (-3 - (1 - 2)).
2
Evaluate (-2 - -2) + (1 - -7 - 7).
1
Evaluate (-1 - -1 - 0) + -3 + 4.
1
8 - (-3 + 0) - (-4 - -6)
9
Calculate (-5 - (-9 - -2)) + 3 - 2.
3
What is the value of (-5 - (-7 + 0 + -1)) + 0?
3
What is the value of -1 - (0 - 3) - (-7 + 4)?
5
Evaluate 5 + (-11 - -2) + 1.
-3
What is 0 - (4 - (2 - -2) - 2)?
2
What is 6 + -4 + 3 + -7 + 0?
-2
What is -1 + -4 + -12 + 16?
-1
Evaluate -26 + 31 - (5 + 1).
-1
Evaluate (-5 - -2 - -6) + -5 + -2.
-4
-6 - (1 + -5 + (0 - 0))
-2
Calculate 2 - -1 - (-2 + 5 - 3).
3
Calculate -25 + 29 - (4 - -1).
-1
What is -2 - (1 + 2 + 0)?
-5
What is the value of (15 - 15) + -15 + 6?
-9
Evaluate (-3 - (4 + (-16 - -1))) + -3.
5
What is 1 + -3 - (-15 + 13 - -2)?
-2
Calculate -23 - (5 + -8) - -11.
-9
204 + -217 + (7 - 1)
-7
What is 0 - (4 + -3 + 1 - 2)?
0
Calculate (4 - -1) + (-11 + 13 - 4).
3
Calculate (133 - 120) + -8 + 0.
5
What is the value of (1 - (0 - 2)) + -104 + 102?
1
What is 4 + 0 + (-22 - -14)?
-4
16 - (4 - -2) - 14
-4
Evaluate 18 + -19 - (0 + -8).
7
What is the value of -2 + (7 - 2) + -7 + 5?
1
What is 1 + -1 - 9 - (-4 + 0)?
-5
What is the value of (0 - (0 - -3 - 3)) + -4?
-4
Calculate 15 - (0 - (-6 - 6)).
3
Evaluate -3 + (4 - (3 - -3)).
-5
(-28 - -9) + 11 + 1 + 7
0
Evaluate (-1 - (-1 + -1)) + 6 + -2.
5
Calculate 0 + (0 - -8) + -8.
0
Evaluate -5 - (1 + 2 - 16 - -1).
7
(-4 - (3 - 3) - -3) + 3
2
25 + -12 - (6 - 2)
9
Calculate -2 - (-1 + 7 + -3).
-5
What is the value of 3 - (17 + -19 + (3 - 0))?
2
4 - (-1 - -1) - (86 - 77)
-5
What is -4 - -8 - (2 - -7)?
-5
Evaluate -4 - -2 - -3 - (77 + -84).
8
What is -4 + 11 - 11 - (-3 - -1)?
-2
Calculate (1 - 1) + (4 - 3).
1
3 + -7 + 0 + 12 + -13
-5
Calculate 2 + -4 + (2 - 8 - -10).
2
What is the value of (9 - 4) + -2 + 1?
4
What is the value of -2 - (-7 - -8) - -8?
5
Calculate 13 + -22 - (0 - 2).
-7
(-1 - 1) + (-7 - -10) - 6
-5
Evaluate (3 - 0 - 2) + 3 + -5.
-1
Evaluate 4 - (-4 - -7) - 2.
-1
(1 - -5) + -10 + (2 - -5)
3
What is the value of -2 - ((-2 - -3) + 5 + -2)?
-6
What is 8 - (2 - (8 - 8))?
6
What is -5 - 1 - -10 - 4?
0
What is 0 + 19 - 5 - (0 + 5)?
9
What is the value of 1 + (-5 - 2) + 3?
-3
What is the value of (11 - (6 + -1)) + -6?
0
Evaluate 21 + -25 - (-8 - -2).
2
What is (12 - 5) + -1 + 4 + -1?
9
Evaluate -4 + 6 - (3 - (2 - -1)).
2
Evaluate 1 + (1 - (2 + -6 - -2)).
4
Evaluate (5 - 7) + -1 + 6.
3
Evaluate -2 + 8 - (5 + (0 - -1)).
0
What is the value of 9 - (-7 + 19) - 0?
-3
Calculate 0 + 4 + -9 + 2.
-3
Evaluate (-2 - (4 + -7)) + 2.
3
What is -1 - -1 - (13 + -13)?
0
What is (-7 - 0) + 6 + 4 + -11?
-8
Calculate -5 + (-1 - -2 - -2).
-2
Calculate 9 - 6 - (6 - -2).
-5
What is the value of 6 + (2 - 3) + -4?
1
Evaluate 5 + -10 + 9 + -8.
-4
4 - (5 + (4 - 14 - -3))
6
What is the value of -1 + -2 - (-16 + 14) - -4?
3
(-16 - -5) + (6 - -3)
-2
What is -4 - (-13 - -6 - -5)?
-2
What is the value of (32 - 38) + (2 - (1 - 0))?
-5
Evaluate (-16 - -21) + 2 + -2.
5
9 + -7 + 1 + -11 + 4
-4
What is the value of 0 + -8 + 8 + (1 - 3)?
-2
Evaluate -4 + (-1 - -2) - (8 + -14).
3
Calculate -1 + (1 - -4 - (7 + -1)).
-2
3 + 2 + (-3 - (1 - 1))
2
Calculate -9 + 5 - ((-2 - -3) + -4).
-1
What is the value of -2 + 0 - ((-5 - -3) + 2)?
-2
Calculate 0 + (-8 - -10) + -7.
-5
-4 + (8 - 3 - (-2 + 0))
3
What is the value of -43 - -50 - (-1 + 12)?
-4
Calculate (-3 - 2) + 9 - 4.
0
What is 1 - (5 + -3 - (1 + 3))?
3
What is -4 + 1 - (0 + 0)?
-3
What is (-7 - 11) + (-2 - -11)?
-9
Evaluate 5 - (10 + (6 - 8)).
-3
What is the value of -4 + 10 - 10 - -10?
6
-6 + (0 + 2 - -1)
-3
-30 + 26 - (-1 + -5)
2
What is (1 - 1 - 4) + (-18 - -24)?
2
Evaluate 11 - 11 - (3 + -6).
3
What is (-3 + -1 - 1) + 7 + -7?
-5
Calculate (-4 - (-5 - -3)) + -1.
-3
-12 + 2 - (3 - 9)
-4
Calculate -2 - (2 - 4 - -2).
-2
What is -2 + 0 + 5 - (7 - 3)?
-1
Evaluate (-7 - (-3 - 2)) + (7 - 2).
3
What is 6 - (3 - (6 - 7))?
2
-3 - (2 + -2) - (0 + -5)
2
(-12 - 5 - -9) + 16
8
Evaluate 0 - (4 + -4 + -8).
8
Calculate -2 + 0 + (3 - 1).
0
49 - 41 - (6 - 1)
3
Calculate 2 - (-2 + 5 + -7 + 7).
-1
What is 1 + 0 - (-14 - (-17 + 2))?
0
Evaluate 0 + (-2 + -1 + 1 - 2).
-4
(-5 + -4 - -5) + (-1 - 0)
-5
6 - (1 - 3 - -3)
5
What is the value of -14 + 2 + (8 - 14 - -11)?
-7
(11 - (-4 - (-14 - -7))) + -7
1
What is the value of -1 - 1 - 7 - -8?
-1
Evaluate 